15
-b
What is 13 (base 5) in base 9?
8
1 (base 6) to base 4
1
Convert 111 (base 2) to base 11.
7
-5b (base 16) to base 15
-61
Convert -3 (base 7) to base 13.
-3
113 (base 12) to base 10
159
Convert 9 (base 16) to base 9.
10
What is 10 (base 12) in base 16?
c
What is 0 (base 4) in base 14?
0
Convert 23 (base 4) to base 12.
b
Convert 4 (base 8) to base 15.
4
Convert 2 (base 15) to base 10.
2
What is -51 (base 11) in base 7?
-110
What is 3 (base 13) in base 10?
3
What is 0 (base 7) in base 9?
0
Convert 45 (base 7) to base 11.
30
Convert 12 (base 3) to base 8.
5
Convert 2 (base 10) to base 9.
2
Convert 1 (base 4) to base 7.
1
Convert 10 (base 2) to base 13.
2
Convert 62 (base 7) to base 2.
101100
What is -1230 (base 6) in base 4?
-10302
Convert 8 (base 13) to base 14.
8
What is -18 (base 10) in base 6?
-30
Convert 5 (base 16) to base 15.
5
Convert -64 (base 8) to base 9.
-57
What is 1c (base 15) in base 6?
43
What is -40 (base 11) in base 7?
-62
What is -3 (base 14) in base 4?
-3
-11 (base 2) to base 13
-3
Convert -1 (base 12) to base 7.
-1
151 (base 7) to base 16
55
-12 (base 6) to base 8
-10
2 (base 4) to base 8
2
Convert -100101000 (base 2) to base 13.
-19a
Convert 0 (base 10) to base 15.
0
5 (base 16) to base 13
5
Convert 33 (base 4) to base 6.
23
What is -31 (base 4) in base 10?
-13
What is 2 (base 5) in base 11?
2
Convert 1000 (base 4) to base 11.
59
What is -a4 (base 11) in base 8?
-162
Convert 102 (base 5) to base 4.
123
-12 (base 10) to base 15
-c
10111 (base 2) to base 13
1a
Convert 3 (base 12) to base 4.
3
1011111 (base 2) to base 16
5f
What is -1 (base 3) in base 13?
-1
What is 4 (base 16) in base 3?
11
Convert 3 (base 10) to base 5.
3
What is 102 (base 7) in base 16?
33
Convert -33 (base 12) to base 9.
-43
Convert -11 (base 2) to base 5.
-3
24 (base 8) to base 4
110
What is -2 (base 7) in base 14?
-2
Convert -42 (base 8) to base 3.
-1021
6 (base 7) to base 11
6
What is -20 (base 6) in base 9?
-13
Convert -4 (base 5) to base 2.
-100
Convert -7 (base 13) to base 12.
-7
What is 15 (base 14) in base 16?
13
Convert -1 (base 6) to base 5.
-1
dd (base 14) to base 10
195
Convert -f6 (base 16) to base 15.
-116
Convert 3 (base 15) to base 2.
11
Convert -2 (base 12) to base 8.
-2
What is 33 (base 6) in base 4?
111
What is -328 (base 9) in base 2?
-100001101
Convert -4 (base 9) to base 11.
-4
Convert -3 (base 12) to base 9.
-3
What is 180 (base 14) in base 15?
158
Convert -9 (base 10) to base 3.
-100
-2 (base 8) to base 15
-2
26 (base 13) to base 7
44
What is -12 (base 16) in base 7?
-24
-17a (base 13) to base 12
-1a6
Convert -135 (base 15) to base 7.
-542
Convert -15a (base 11) to base 8.
-272
What is 6 (base 11) in base 4?
12
-ca (base 15) to base 4
-2332
20 (base 10) to base 15
15
1 (base 12) to base 15
1
Convert -23 (base 11) to base 15.
-1a
What is -3 (base 14) in base 3?
-10
Convert -22 (base 4) to base 8.
-12
Convert -510 (base 7) to base 5.
-2002
What is 0 (base 15) in base 4?
0
What is -49 (base 10) in base 11?
-45
31 (base 6) to base 9
21
What is -160 (base 13) in base 16?
-f7
Convert 3 (base 5) to base 8.
3
26 (base 8) to base 16
16
What is -3 (base 7) in base 13?
-3
10f (base 16) to base 6
1131
What is -111101 (base 2) in base 6?
-141
Convert 2 (base 15) to base 14.
2
Convert 10 (base 4) to base 13.
4
-434 (base 6) to base 11
-141
Convert 10221 (base 4) to base 15.
14c
25 (base 8) to base 15
16
-45 (base 13) to base 11
-52
-112 (base 4) to base 10
-22
14 (base 11) to base 6
23
12020 (base 3) to base 15
96
51 (base 9) to base 12
3a
What is 110 (base 2) in base 10?
6
Convert 4 (base 12) to base 11.
4
What is -20 (base 15) in base 14?
-22
1 (base 12) to base 7
1
Convert 2 (base 6) to base 7.
2
Convert -10 (base 4) to base 7.
-4
b (base 12) to base 16
b
-dc (base 14) to base 7
-365
1011101 (base 2) to base 16
5d
Convert 2 (base 3) to base 6.
2
Convert -423 (base 6) to base 3.
-12220
What is 6 (base 8) in base 3?
20
Convert -1101 (base 5) to base 9.
-177
What is 41 (base 7) in base 10?
29
What is -8 (base 9) in base 16?
-8
2 (base 9) to base 10
2
7 (base 8) to base 10
7
What is 3 (base 6) in base 13?
3
Convert 11001 (base 2) to base 10.
25
What is -a6 (base 13) in base 3?
-12001
What is -1100 (base 4) in base 5?
-310
228 (base 10) to base 5
1403
Convert -232 (base 4) to base 8.
-56
Convert d7 (base 15) to base 10.
202
What is -11 (base 5) in base 9?
-6
-46 (base 8) to base 2
-100110
Convert -101 (base 3) to base 10.
-10
Convert -262 (base 7) to base 15.
-97
What is 1221 (base 4) in base 9?
126
What is 1 (base 15) in base 5?
1
0 (base 15) to base 10
0
What is 4 (base 5) in base 10?
4
What is -13 (base 10) in base 6?
-21
What is -55 (base 8) in base 13?
-36
Convert -16 (base 8) to base 4.
-32
Convert -10 (base 5) to base 16.
-5
4 (base 14) to base 4
10
-540 (base 7) to base 5
-2043
-8 (base 13) to base 5
-13
Convert e (base 16) to base 3.
112
What is -56 (base 15) in base 14?
-5b
Convert 1021 (base 5) to base 9.
161
-ce (base 15) to base 12
-142
40 (base 7) to base 3
1001
What is -3 (base 14) in base 5?
-3
-1122 (base 3) to base 7
-62
0 (base 12) to base 6
0
Convert -3 (base 8) to base 13.
-3
Convert -43 (base 14) to base 10.
-59
Convert -27 (base 11) to base 8.
-35
3 (base 12) to base 8
3
What is b8 (base 13) in base 14?
ab
Convert -c9 (base 14) to base 7.
-342
Convert 24 (base 7) to base 16.
12
What is -2 (base 11) in base 3?
-2
What is -1011000 (base 2) in base 9?
-107
8 (base 16) to base 5
13
What is 205 (base 8) in base 2?
10000101
-7 (base 8) to base 10
-7
-6 (base 15) to base 13
-6
What is 2 (base 9) in base 4?
2
Convert -443 (base 5) to base 15.
-83
What is -19 (base 13) in base 3?
-211
-42 (base 5) to base 9
-24
Convert -111 (base 4) to base 6.
-33
Convert -aa (base 13) to base 4.
-2030
-13 (base 4) to base 5
-12
-4 (base 7) to base 6
-4
Convert -35 (base 16) to base 10.
-53
7 (base 16) to base 2
111
1145 (base 6) to base 10
281
-40 (base 11) to base 6
-112
What is 12 (base 9) in base 15?
b
What is 1001 (base 2) in base 7?
12
Convert -17 (base 16) to base 5.
-43
What is 13 (base 6) in base 7?
12
40 (base 5) to base 13
17
Convert 154 (base 12) to base 5.
1313
Convert 5 (base 9) to base 15.
5
Convert -3 (base 8) to base 10.
-3
1111000 (base 2) to base 8
170
Convert 11100 (base 2) to base 8.
34
What is 182 (base 9) in base 7?
311
11 (base 8) to base 13
9
-100 (base 2) to base 5
-4
-33 (base 14) to base 5
-140
Convert 12110 (base 3) to base 4.
2103
-1120 (base 3) to base 5
-132
13 (base 5) to base 10
8
Convert -2 (base 5) to base 11.
-2
What is 2 (base 8) in base 7?
2
5 (base 14) to base 3
12
110 (base 4) to base 3
202
3 (base 4) to base 7
3
What is 2 (base 11) in base 3?
2
114 (base 5) to base 16
22
Convert -4 (base 15) to base 3.
-11
-11110 (base 2) to base 3
-1010
-9 (base 14) to base 12
-9
What is -8 (base 11) in base 2?
-1000
-52 (base 8) to base 12
-36
-11 (base 7) to base 10
-8
Convert c (base 15) to base 11.
11
-10003 (base 4) to base 16
-103
What is 10220 (base 3) in base 16?
69
Convert 2 (base 9) to base 5.
2
What is 10121 (base 3) in base 11?
89
2a (base 16) to base 3
1120
11202 (base 3) to base 12
a8
Convert -5 (base 12) to base 15.
-5
-212 (base 5) to base 6
-133
Convert 20 (base 13) to base 7.
35
8 (base 12) to base 10
8
Convert -19 (base 10) to base 9.
-21
What is -69 (base 10) in base 9?
-76
Convert -3 (base 15) to base 4.
-3
-3 (base 9) to base 2
-11
What is 1152 (base 6) in base 11?
239
Convert -1 (base 16) to base 4.
-1
What is -1322 (base 4) in base 2?
-1111010
What is 26 (base 9) in base 11?
22
10 (base 15) to base 3
120
What is -12 (base 4) in base 9?
-6
2 (base 3) to base 15
2
What is -201 (base 4) in base 16?
-21
Convert -1 (base 14) to base 2.
-1
Convert 1b5 (base 12) to base 6.
1145
What is 4 (base 6) in base 3?
11
-110010 (base 2) to base 16
-32
-123 (base 4) to base 15
-1c
What is -1 (base 12) in base 5?
-1
1000 (base 2) to base 7
11
What is -171 (base 14) in base 11?
-249
Convert -4f (base 16) to base 9.
-87
What is -109 (base 12) in base 11?
-12a
0 (base 15) to base 11
0
-322 (base 7) to base 8
-243
-153 (base 11) to base 14
-cb
What is -10011011 (base 2) in base 14?
-b1
What is -7 (base 11) in base 3?
-21
5 (base 11) to base 6
5
What is 6 (base 8) in base 9?
6
What is -13 (base 7) in base 4?
-22
4 (ba